?
2, 5, 22567
List the prime factors of 282404.
2, 17, 4153
What are the prime factors of 181230?
2, 3, 5, 7, 863
What are the prime factors of 1180187?
463, 2549
List the prime factors of 192163.
59, 3257
What are the prime factors of 921560?
2, 5, 23039
List the prime factors of 423754.
2, 211877
What are the prime factors of 539407?
11, 49037
List the prime factors of 20475.
3, 5, 7, 13
List the prime factors of 11695508.
2, 11, 265807
What are the prime factors of 64745?
5, 23, 563
What are the prime factors of 42443?
42443
List the prime factors of 2157404.
2, 539351
List the prime factors of 1048318.
2, 263, 1993
List the prime factors of 13197772.
2, 7, 139, 3391
What are the prime factors of 701174?
2, 350587
What are the prime factors of 863023?
7, 123289
What are the prime factors of 280328?
2, 67, 523
List the prime factors of 9872477.
31, 318467
What are the prime factors of 1107547?
7, 3229
What are the prime factors of 20292894?
2, 3, 1127383
What are the prime factors of 4422014?
2, 41, 53927
List the prime factors of 6701510.
2, 5, 23, 29137
What are the prime factors of 391770?
2, 3, 5, 1451
What are the prime factors of 9357202?
2, 97, 139, 347
What are the prime factors of 371993?
41, 43, 211
What are the prime factors of 4211714?
2, 13, 23, 7043
What are the prime factors of 3894994?
2, 1947497
What are the prime factors of 16406297?
16406297
List the prime factors of 21416864.
2, 7, 23, 4157
What are the prime factors of 1951668?
2, 3, 17, 1063
List the prime factors of 6444494.
2, 7, 569, 809
List the prime factors of 143757.
3, 15973
What are the prime factors of 9192360?
2, 3, 5, 76603
List the prime factors of 15367232.
2, 240113
What are the prime factors of 699546?
2, 3, 31, 3761
List the prime factors of 2541321.
3, 61, 1543
List the prime factors of 254199.
3, 11, 7703
List the prime factors of 1867780.
2, 5, 47, 1987
List the prime factors of 340061.
340061
What are the prime factors of 4604324?
2, 23, 50047
What are the prime factors of 22402?
2, 23, 487
What are the prime factors of 48903?
3, 16301
What are the prime factors of 8557170?
2, 3, 5, 151, 1889
List the prime factors of 155788.
2, 17, 29, 79
What are the prime factors of 369733?
7, 13, 17, 239
List the prime factors of 546523.
546523
List the prime factors of 28551332.
2, 7137833
What are the prime factors of 3447224?
2, 11, 43, 911
List the prime factors of 3875231.
157, 24683
List the prime factors of 1106058.
2, 3, 83, 2221
What are the prime factors of 38925310?
2, 5, 353, 11027
What are the prime factors of 9445?
5, 1889
List the prime factors of 34168823.
13, 23, 114277
What are the prime factors of 19461806?
2, 7, 13, 61, 1753
What are the prime factors of 95396?
2, 7, 3407
List the prime factors of 250907.
23, 10909
List the prime factors of 93118.
2, 46559
What are the prime factors of 581931?
3, 7, 3079
What are the prime factors of 105723?
3, 17, 691
What are the prime factors of 858046?
2, 7, 167, 367
What are the prime factors of 46652?
2, 107, 109
List the prime factors of 1242137.
13, 95549
What are the prime factors of 2492773?
719, 3467
What are the prime factors of 318842?
2, 159421
List the prime factors of 491850.
2, 3, 5, 1093
What are the prime factors of 266688?
2, 3, 463
What are the prime factors of 12746110?
2, 5, 13, 98047
List the prime factors of 605093.
19, 31847
List the prime factors of 67180.
2, 5, 3359
List the prime factors of 1081291.
1081291
What are the prime factors of 44032?
2, 43
What are the prime factors of 720555?
3, 5, 11, 397
What are the prime factors of 330076?
2, 179, 461
What are the prime factors of 2621264?
2, 17, 23, 419
List the prime factors of 3140045.
5, 151, 4159
What are the prime factors of 5461654?
2, 11, 248257
List the prime factors of 17060651.
19, 97, 9257
What are the prime factors of 7726659?
3, 47, 54799
What are the prime factors of 654943?
654943
What are the prime factors of 1664129?
47, 35407
List the prime factors of 1681589.
7, 13, 17, 1087
What are the prime factors of 2177966?
2, 7, 155569
List the prime factors of 691197.
3, 13, 37, 479
List the prime factors of 3720915.
3, 5, 11, 7517
List the prime factors of 1342755.
3, 5, 53, 563
List the prime factors of 13312011.
3, 4437337
What are the prime factors of 4214500?
2, 5, 8429
List the prime factors of 811989.
3, 83, 1087
What are the prime factors of 115578?
2, 3, 6421
What are the prime factors of 1697407?
1697407
What are the prime factors of 176991?
3, 58997
What are the prime factors of 5415263?
7, 773609
What are the prime factors of 20340510?
2, 3, 5, 23, 41, 719
What are the prime factors of 478580?
2, 5, 23929
What are the prime factors of 142527?
3, 7, 11, 617
What are the prime factors of 2075873?
269, 7717
What are the prime factors of 5915686?
2, 7, 422549
What are the prime factors of 228457?
228457
List the prime factors of 530062.
2, 13, 19, 29, 37
List the prime factors of 259639.
259639
What are the prime factors of 127005?
3, 5, 8467
List the prime factors of 164395.
5, 7, 11, 61
List the prime factors of 2246912.
2, 67, 131
List the prime factors of 214322.
2, 101, 1061
What are the prime factors of 47407?
47407
List the prime factors of 1355882.
2, 11, 61631
List the prime factors of 721987.
7, 103141
What are the prime factors of 4705372?
2, 7, 24007
What are the prime factors of 19666113?
3, 131, 163, 307
List the prime factors of 2697671.
457, 5903
List the prime factors of 391646.
2, 17, 11519
List the prime factors of 330565.
5, 17, 3889
List the prime factors of 4621273.
109, 42397
List the prime factors of 17621846.
2, 11, 800993
List the prime factors of 17370204.
2, 3, 73, 79, 251
List the prime factors of 415704.
2, 3, 17321
List the prime factors of 463141.
7, 109, 607
List the prime factors of 128455.
5, 23, 1117
What are the prime factors of 2436086?
2, 1218043
List the prime factors of 334324.
2, 19, 53, 83
What are the prime factors of 1307596?
2, 23, 61, 233
List the prime factors of 7443531.
3, 47, 17597
What are the prime factors of 26876957?
3433, 7829
What are the prime factors of 50902?
2, 31, 821
What are the prime factors of 136713?
3, 199, 229
List the prime factors of 279406.
2, 139703
What are the prime factors of 663759?
3, 73751
What are the prime factors of 10644268?
2, 2661067
List the prime factors of 3110835.
3, 5, 7, 13, 43, 53
What are the prime factors of 3919420?
2, 5, 195971
List the prime factors of 12507679.
12507679
List the prime factors of 63374.
2, 31687
List the prime factors of 430455.
3, 5, 28697
What are the prime factors of 34715264?
2, 367, 739
List the prime factors of 7941.
3, 2647
List the prime factors of 1076665.
5, 349, 617
What are the prime factors of 64194?
2, 3, 13, 823
List the prime factors of 1131524.
2, 282881
List the prime factors of 12484865.
5, 2496973
What are the prime factors of 189464?
2, 11, 2153
What are the prime factors of 10053?
3, 1117
List the prime factors of 201687.
3, 23, 37, 79
What are the prime factors of 291408?
2, 3, 13, 467
List the prime factors of 22547702.
2, 491, 22961
What are the prime factors of 1920300?
2, 3, 5, 37, 173
List the prime factors of 11984412.
2, 3, 11, 163, 557
List the prime factors of 373175.
5, 11, 23, 59
List the prime factors of 1421753.
31, 45863
What are the prime factors of 21954568?
2, 331, 8291
What are the prime factors of 17043284?
2, 4260821
List the prime factors of 448854.
2, 3, 7, 10687
What are the prime factors of 2274914?
2, 1137457
What are the prime factors of 578002?
2, 289001
What are the prime factors of 2096063?
2096063
What are the prime factors of 561249?
3, 13, 41
What are the prime factors of 62075?
5, 13, 191
List the prime factors of 140965.
5, 11, 233
What are the prime factors of 366740?
2, 5, 11, 1667
List the prime factors of 178210.
2, 5, 71, 251
What are the prime factors of 7027978?
2, 311, 11299
List the prime factors of 157840.
2, 5, 1973
What are the prime factors of 797828?
2, 199457
List the prime factors of 881607.
3, 71, 4139
What are the prime factors of 2207560?
2, 5, 229, 241
List the prime factors of 7193.
7193
List the prime factors of 117464.
2, 14683
What are the prime factors of 1209421?
89, 107, 127
What are the prime factors of 8038999?
1